{"id":1755,"date":"2026-04-21T15:46:00","date_gmt":"2026-04-21T13:46:00","guid":{"rendered":"https:\/\/www.xacu3122.odns.fr\/scholles_preprod\/?post_type=product&#038;p=1755"},"modified":"2026-04-23T14:16:20","modified_gmt":"2026-04-23T12:16:20","slug":"apositos-de-grado-medico-para-ampollas-abiertas-cortes-y-rozaduras-con-tecnologia-de-hidrogel-x6","status":"publish","type":"product","link":"https:\/\/www.xacu3122.odns.fr\/scholles_preprod\/product\/apositos-de-grado-medico-para-ampollas-abiertas-cortes-y-rozaduras-con-tecnologia-de-hidrogel-x6\/","title":{"rendered":"Ap\u00f3sitos de grado m\u00e9dico para ampollas abiertas, cortes y rozaduras con tecnolog\u00eda de hidrogel x6"},"content":{"rendered":"\t\t<div data-elementor-type=\"wp-post\" data-elementor-id=\"1755\" class=\"elementor elementor-1755\" data-elementor-post-type=\"product\">\n\t\t\t\t<div class=\"elementor-element elementor-element-a21c21c e-flex e-con-boxed e-con e-parent\" data-id=\"a21c21c\" data-element_type=\"container\">\n\t\t\t\t\t<div class=\"e-con-inner\">\n\t\t\t\t<div class=\"elementor-element elementor-element-4198509 elementor-widget elementor-widget-text-editor\" data-id=\"4198509\" data-element_type=\"widget\" data-widget_type=\"text-editor.default\">\n\t\t\t\t\t\t\t\t\t<section class=\"s-p__section\"><div class=\"container container-lg\"><div class=\"s-p__rhs\"><div class=\"s-p__desc\"><section class=\"s-p__section\"><div class=\"container container-lg\"><div class=\"s-p__rhs\"><div class=\"s-p__desc\"><p>Los ap\u00f3sitos para ampollas de grado m\u00e9dico Dr. Scholl\u2019s proporcionan alivio instant\u00e1neo del dolor en ampollas abiertas, cortes y rozaduras.<\/p><\/div><\/div><\/div><\/section><\/div><\/div><\/div><\/section>\t\t\t\t\t\t\t\t<\/div>\n\t\t\t\t<div class=\"elementor-element elementor-element-b7e99cc elementor-widget elementor-widget-heading\" data-id=\"b7e99cc\" data-element_type=\"widget\" data-widget_type=\"heading.default\">\n\t\t\t\t\t<h3 class=\"elementor-heading-title elementor-size-default\">Sobre este producto <\/h3>\t\t\t\t<\/div>\n\t\t\t\t<div class=\"elementor-element elementor-element-2947e9a elementor-widget elementor-widget-text-editor\" data-id=\"2947e9a\" data-element_type=\"widget\" data-widget_type=\"text-editor.default\">\n\t\t\t\t\t\t\t\t\t<ul><li><p data-path-to-node=\"2,0,0\">ALIVIO INSTANT\u00c1NEO DEL DOLOR: Los ap\u00f3sitos para ampollas de grado m\u00e9dico Dr. Scholl\u2019s alivian de inmediato del dolor gracias al hidrogel enriquecido, que proporciona un efecto refrescante y calmante<\/p><\/li><li><p data-path-to-node=\"2,0,0\">PROTEGE CONTRA INFECCIONES Y SUCIEDAD: Estos ap\u00f3sitos protegen cortes, ampollas y raspaduras de infecciones, suciedad y agua, manteniendo las heridas limpias y protegidas para una curaci\u00f3n \u00f3ptima<\/p><\/li><li><p data-path-to-node=\"2,0,0\">PROMUEVE UNA CICATRIZACI\u00d3N M\u00c1S R\u00c1PIDA: La tecnolog\u00eda avanzada de hidrogel absorbe el l\u00edquido de la herida para favorecer un entorno \u00f3ptimo, acelerando el proceso de curaci\u00f3n de cortes y ampollas<\/p><\/li><li><p data-path-to-node=\"2,0,0\">LARGA DURACI\u00d3N Y USO DURANTE VARIOS D\u00cdAS: Con un adhesivo hipoalerg\u00e9nico, estos ap\u00f3sitos permanecen firmemente en su lugar durante varios d\u00edas, lo que garantiza una protecci\u00f3n y comodidad constantes<\/p><\/li><li><p data-path-to-node=\"2,0,0\">SUAVE E HIPOALERG\u00c9NICO PARA TODO TIPO DE PIEL: Adecuados para adultos y ni\u00f1os, estos ap\u00f3sitos adhesivos se pueden usar pies y cuerpo, no se adhieren a la herida, para una extracci\u00f3n f\u00e1cil y c\u00f3moda<\/p><\/li><\/ul>\t\t\t\t\t\t\t\t<\/div>\n\t\t\t\t<div class=\"elementor-element elementor-element-50e631c elementor-widget elementor-widget-n-accordion\" data-id=\"50e631c\" data-element_type=\"widget\" data-settings=\"{&quot;default_state&quot;:&quot;expanded&quot;,&quot;max_items_expended&quot;:&quot;one&quot;,&quot;n_accordion_animation_duration&quot;:{&quot;unit&quot;:&quot;ms&quot;,&quot;size&quot;:400,&quot;sizes&quot;:[]}}\" data-widget_type=\"nested-accordion.default\">\n\t\t\t\t\t\t\t<div class=\"e-n-accordion\" aria-label=\"Accordion. Open links with Enter or Space, close with Escape, and navigate with Arrow Keys\">\n\t\t\t\t\t\t<details id=\"e-n-accordion-item-8480\" class=\"e-n-accordion-item\" open>\n\t\t\t\t<summary class=\"e-n-accordion-item-title\" data-accordion-index=\"1\" tabindex=\"0\" aria-expanded=\"true\" aria-controls=\"e-n-accordion-item-8480\" >\n\t\t\t\t\t<span class='e-n-accordion-item-title-header'><div class=\"e-n-accordion-item-title-text\"> Detalles del Producto  <\/div><\/span>\n\t\t\t\t\t\t\t<span class='e-n-accordion-item-title-icon'>\n\t\t\t<span class='e-opened' ><svg aria-hidden=\"true\" class=\"e-font-icon-svg e-fas-chevron-down\" viewBox=\"0 0 448 512\" xmlns=\"http:\/\/www.w3.org\/2000\/svg\"><path d=\"M207.029 381.476L12.686 187.132c-9.373-9.373-9.373-24.569 0-33.941l22.667-22.667c9.357-9.357 24.522-9.375 33.901-.04L224 284.505l154.745-154.021c9.379-9.335 24.544-9.317 33.901.04l22.667 22.667c9.373 9.373 9.373 24.569 0 33.941L240.971 381.476c-9.373 9.372-24.569 9.372-33.942 0z\"><\/path><\/svg><\/span>\n\t\t\t<span class='e-closed'><svg aria-hidden=\"true\" class=\"e-font-icon-svg e-fas-chevron-up\" viewBox=\"0 0 448 512\" xmlns=\"http:\/\/www.w3.org\/2000\/svg\"><path d=\"M240.971 130.524l194.343 194.343c9.373 9.373 9.373 24.569 0 33.941l-22.667 22.667c-9.357 9.357-24.522 9.375-33.901.04L224 227.495 69.255 381.516c-9.379 9.335-24.544 9.317-33.901-.04l-22.667-22.667c-9.373-9.373-9.373-24.569 0-33.941L207.03 130.525c9.372-9.373 24.568-9.373 33.941-.001z\"><\/path><\/svg><\/span>\n\t\t<\/span>\n\n\t\t\t\t\t\t<\/summary>\n\t\t\t\t<div role=\"region\" aria-labelledby=\"e-n-accordion-item-8480\" class=\"elementor-element elementor-element-7fe7c54 e-flex e-con-boxed e-con e-child\" data-id=\"7fe7c54\" data-element_type=\"container\">\n\t\t\t\t\t<div class=\"e-con-inner\">\n\t\t\t\t<div class=\"elementor-element elementor-element-243ede1 elementor-widget elementor-widget-text-editor\" data-id=\"243ede1\" data-element_type=\"widget\" data-widget_type=\"text-editor.default\">\n\t\t\t\t\t\t\t\t\t<p>Los ap\u00f3sitos para ampollas de grado m\u00e9dico Dr. Scholl\u2019s proporcionan alivio instant\u00e1neo del dolor en ampollas abiertas, cortes y rozaduras con hidrogel enriquecido con ingredientes humectantes que, debido a su alto contenido de agua, proporciona un ligero efecto refrescante y calmante.<\/p><p>Estos ap\u00f3sitos avanzados protegen las heridas de infecciones, suciedad y agua, asegurando que se mantengan limpias y protegidas para favorecer una curaci\u00f3n m\u00e1s r\u00e1pida en comparaci\u00f3n con la ausencia de intervenci\u00f3n.<\/p><p>Con tecnolog\u00eda de hidrogel, crean un equilibrio de humedad \u00f3ptimo, absorbiendo el exudado y favoreciendo las condiciones \u00f3ptimas de curaci\u00f3n.<\/p><p>Dise\u00f1ados para usarse durante varios d\u00edas, se mantienen firmemente en su lugar, ofreciendo protecci\u00f3n y comodidad duraderas. Adhesivos hipoalerg\u00e9nicos y suaves para todo tipo de piel, son adecuados tanto para adultos como para ni\u00f1os y son f\u00e1ciles de quitar sin pegarse a la herida.<\/p>\t\t\t\t\t\t\t\t<\/div>\n\t\t\t\t\t<\/div>\n\t\t\t\t<\/div>\n\t\t\t\t\t<\/details>\n\t\t\t\t\t\t<details id=\"e-n-accordion-item-8481\" class=\"e-n-accordion-item\" >\n\t\t\t\t<summary class=\"e-n-accordion-item-title\" data-accordion-index=\"2\" tabindex=\"-1\" aria-expanded=\"false\" aria-controls=\"e-n-accordion-item-8481\" >\n\t\t\t\t\t<span class='e-n-accordion-item-title-header'><div class=\"e-n-accordion-item-title-text\"> Contenido del envase <\/div><\/span>\n\t\t\t\t\t\t\t<span class='e-n-accordion-item-title-icon'>\n\t\t\t<span class='e-opened' ><svg aria-hidden=\"true\" class=\"e-font-icon-svg e-fas-chevron-down\" viewBox=\"0 0 448 512\" xmlns=\"http:\/\/www.w3.org\/2000\/svg\"><path d=\"M207.029 381.476L12.686 187.132c-9.373-9.373-9.373-24.569 0-33.941l22.667-22.667c9.357-9.357 24.522-9.375 33.901-.04L224 284.505l154.745-154.021c9.379-9.335 24.544-9.317 33.901.04l22.667 22.667c9.373 9.373 9.373 24.569 0 33.941L240.971 381.476c-9.373 9.372-24.569 9.372-33.942 0z\"><\/path><\/svg><\/span>\n\t\t\t<span class='e-closed'><svg aria-hidden=\"true\" class=\"e-font-icon-svg e-fas-chevron-up\" viewBox=\"0 0 448 512\" xmlns=\"http:\/\/www.w3.org\/2000\/svg\"><path d=\"M240.971 130.524l194.343 194.343c9.373 9.373 9.373 24.569 0 33.941l-22.667 22.667c-9.357 9.357-24.522 9.375-33.901.04L224 227.495 69.255 381.516c-9.379 9.335-24.544 9.317-33.901-.04l-22.667-22.667c-9.373-9.373-9.373-24.569 0-33.941L207.03 130.525c9.372-9.373 24.568-9.373 33.941-.001z\"><\/path><\/svg><\/span>\n\t\t<\/span>\n\n\t\t\t\t\t\t<\/summary>\n\t\t\t\t<div role=\"region\" aria-labelledby=\"e-n-accordion-item-8481\" class=\"elementor-element elementor-element-d0440c1 e-con-full e-flex e-con e-child\" data-id=\"d0440c1\" data-element_type=\"container\">\n\t\t\t\t<div class=\"elementor-element elementor-element-56b87f6 elementor-widget elementor-widget-text-editor\" data-id=\"56b87f6\" data-element_type=\"widget\" data-widget_type=\"text-editor.default\">\n\t\t\t\t\t\t\t\t\t<p data-path-to-node=\"1\"><span class=\"\">6x ap\u00f3sitos para ampollas<\/span><\/p>\t\t\t\t\t\t\t\t<\/div>\n\t\t\t\t<\/div>\n\t\t\t\t\t<\/details>\n\t\t\t\t\t\t<details id=\"e-n-accordion-item-8482\" class=\"e-n-accordion-item\" >\n\t\t\t\t<summary class=\"e-n-accordion-item-title\" data-accordion-index=\"3\" tabindex=\"-1\" aria-expanded=\"false\" aria-controls=\"e-n-accordion-item-8482\" >\n\t\t\t\t\t<span class='e-n-accordion-item-title-header'><div class=\"e-n-accordion-item-title-text\"> Instrucciones de Uso  <\/div><\/span>\n\t\t\t\t\t\t\t<span class='e-n-accordion-item-title-icon'>\n\t\t\t<span class='e-opened' ><svg aria-hidden=\"true\" class=\"e-font-icon-svg e-fas-chevron-down\" viewBox=\"0 0 448 512\" xmlns=\"http:\/\/www.w3.org\/2000\/svg\"><path d=\"M207.029 381.476L12.686 187.132c-9.373-9.373-9.373-24.569 0-33.941l22.667-22.667c9.357-9.357 24.522-9.375 33.901-.04L224 284.505l154.745-154.021c9.379-9.335 24.544-9.317 33.901.04l22.667 22.667c9.373 9.373 9.373 24.569 0 33.941L240.971 381.476c-9.373 9.372-24.569 9.372-33.942 0z\"><\/path><\/svg><\/span>\n\t\t\t<span class='e-closed'><svg aria-hidden=\"true\" class=\"e-font-icon-svg e-fas-chevron-up\" viewBox=\"0 0 448 512\" xmlns=\"http:\/\/www.w3.org\/2000\/svg\"><path d=\"M240.971 130.524l194.343 194.343c9.373 9.373 9.373 24.569 0 33.941l-22.667 22.667c-9.357 9.357-24.522 9.375-33.901.04L224 227.495 69.255 381.516c-9.379 9.335-24.544 9.317-33.901-.04l-22.667-22.667c-9.373-9.373-9.373-24.569 0-33.941L207.03 130.525c9.372-9.373 24.568-9.373 33.941-.001z\"><\/path><\/svg><\/span>\n\t\t<\/span>\n\n\t\t\t\t\t\t<\/summary>\n\t\t\t\t<div role=\"region\" aria-labelledby=\"e-n-accordion-item-8482\" class=\"elementor-element elementor-element-36f3712 e-con-full e-flex e-con e-child\" data-id=\"36f3712\" data-element_type=\"container\">\n\t\t\t\t<div class=\"elementor-element elementor-element-d5720ff elementor-widget elementor-widget-text-editor\" data-id=\"d5720ff\" data-element_type=\"widget\" data-widget_type=\"text-editor.default\">\n\t\t\t\t\t\t\t\t\t<ul><li><p>\u00a0Lave la zona afectada con agua y jabon y sequela bien, ya que la grasa y la humedad reduce la adherencia. 2. Despegue el papel protector grande (marcado con el #1). Apliquelo en el centro de la zona afectada.<\/p><\/li><li><p>Despegue el papel protector peque\u00f1o (marcado con el #2).<\/p><\/li><li><p>Alise la zona de la piel circulante.<\/p><\/li><li><p>Retire el papel protector exterior (marcado con el #3).<\/p><\/li><li><p>Mantenga el ap\u00f3sito en la zona hasta que se despegue de forma natural.<\/p><\/li><li><p>Repita el proceso hasta que cicatrice por completo.<\/p><\/li><\/ul>\t\t\t\t\t\t\t\t<\/div>\n\t\t\t\t<\/div>\n\t\t\t\t\t<\/details>\n\t\t\t\t\t\t<details id=\"e-n-accordion-item-8483\" class=\"e-n-accordion-item\" >\n\t\t\t\t<summary class=\"e-n-accordion-item-title\" data-accordion-index=\"4\" tabindex=\"-1\" aria-expanded=\"false\" aria-controls=\"e-n-accordion-item-8483\" >\n\t\t\t\t\t<span class='e-n-accordion-item-title-header'><div class=\"e-n-accordion-item-title-text\"> Advertencias de seguridad <\/div><\/span>\n\t\t\t\t\t\t\t<span class='e-n-accordion-item-title-icon'>\n\t\t\t<span class='e-opened' ><svg aria-hidden=\"true\" class=\"e-font-icon-svg e-fas-chevron-down\" viewBox=\"0 0 448 512\" xmlns=\"http:\/\/www.w3.org\/2000\/svg\"><path d=\"M207.029 381.476L12.686 187.132c-9.373-9.373-9.373-24.569 0-33.941l22.667-22.667c9.357-9.357 24.522-9.375 33.901-.04L224 284.505l154.745-154.021c9.379-9.335 24.544-9.317 33.901.04l22.667 22.667c9.373 9.373 9.373 24.569 0 33.941L240.971 381.476c-9.373 9.372-24.569 9.372-33.942 0z\"><\/path><\/svg><\/span>\n\t\t\t<span class='e-closed'><svg aria-hidden=\"true\" class=\"e-font-icon-svg e-fas-chevron-up\" viewBox=\"0 0 448 512\" xmlns=\"http:\/\/www.w3.org\/2000\/svg\"><path d=\"M240.971 130.524l194.343 194.343c9.373 9.373 9.373 24.569 0 33.941l-22.667 22.667c-9.357 9.357-24.522 9.375-33.901.04L224 227.495 69.255 381.516c-9.379 9.335-24.544 9.317-33.901-.04l-22.667-22.667c-9.373-9.373-9.373-24.569 0-33.941L207.03 130.525c9.372-9.373 24.568-9.373 33.941-.001z\"><\/path><\/svg><\/span>\n\t\t<\/span>\n\n\t\t\t\t\t\t<\/summary>\n\t\t\t\t<div role=\"region\" aria-labelledby=\"e-n-accordion-item-8483\" class=\"elementor-element elementor-element-d6c4936 e-flex e-con-boxed e-con e-child\" data-id=\"d6c4936\" data-element_type=\"container\">\n\t\t\t\t\t<div class=\"e-con-inner\">\n\t\t\t\t<div class=\"elementor-element elementor-element-c521804 elementor-widget elementor-widget-text-editor\" data-id=\"c521804\" data-element_type=\"widget\" data-widget_type=\"text-editor.default\">\n\t\t\t\t\t\t\t\t\t<div class=\"widget-three\"><p data-path-to-node=\"3\">Uso previsto:<span class=\"\">\u00a0Protecci\u00f3n y tratamiento de ampollas abiertas,<\/span><span class=\"\">\u00a0cortes menores y rozaduras.<\/span><\/p><p data-path-to-node=\"4\">Contraindicaciones:<span class=\"\">\u00a0No debe utilizarse en heridas infectadas ni en quemaduras de tercer grado.<\/span>\u00a0No debe utilizarse en heridas con exceso de exudado (que supuran mucho).<\/p><p data-path-to-node=\"5\">Precauciones: No debe utilizarse en pacientes con sensibilidad conocida al propilenglicol. En caso de enrojecimiento o alergia, por favor, busque atenci\u00f3n m\u00e9dica.<\/p><div class=\"load-more-content\">\u00a0<\/div><\/div>\t\t\t\t\t\t\t\t<\/div>\n\t\t\t\t\t<\/div>\n\t\t\t\t<\/div>\n\t\t\t\t\t<\/details>\n\t\t\t\t\t<\/div>\n\t\t\t\t\t\t<\/div>\n\t\t\t\t\t<\/div>\n\t\t\t\t<\/div>\n\t\t\t\t<\/div>\n\t\t","protected":false},"featured_media":1525,"template":"","meta":{"_acf_changed":false},"condiziones":[116],"related-product":[115],"tipo-di-prodotto":[102],"treatmenttype":[114],"class_list":["post-1755","product","type-product","status-publish","has-post-thumbnail","hentry","condiziones-ampollas","related-product-ampollas","tipo-di-prodotto-aid","treatmenttype-ampollas"],"acf":[],"_links":{"self":[{"href":"https:\/\/www.xacu3122.odns.fr\/scholles_preprod\/wp-json\/wp\/v2\/product\/1755","targetHints":{"allow":["GET"]}}],"collection":[{"href":"https:\/\/www.xacu3122.odns.fr\/scholles_preprod\/wp-json\/wp\/v2\/product"}],"about":[{"href":"https:\/\/www.xacu3122.odns.fr\/scholles_preprod\/wp-json\/wp\/v2\/types\/product"}],"version-history":[{"count":4,"href":"https:\/\/www.xacu3122.odns.fr\/scholles_preprod\/wp-json\/wp\/v2\/product\/1755\/revisions"}],"predecessor-version":[{"id":1759,"href":"https:\/\/www.xacu3122.odns.fr\/scholles_preprod\/wp-json\/wp\/v2\/product\/1755\/revisions\/1759"}],"wp:featuredmedia":[{"embeddable":true,"href":"https:\/\/www.xacu3122.odns.fr\/scholles_preprod\/wp-json\/wp\/v2\/media\/1525"}],"wp:attachment":[{"href":"https:\/\/www.xacu3122.odns.fr\/scholles_preprod\/wp-json\/wp\/v2\/media?parent=1755"}],"wp:term":[{"taxonomy":"condiziones","embeddable":true,"href":"https:\/\/www.xacu3122.odns.fr\/scholles_preprod\/wp-json\/wp\/v2\/condiziones?post=1755"},{"taxonomy":"related-product","embeddable":true,"href":"https:\/\/www.xacu3122.odns.fr\/scholles_preprod\/wp-json\/wp\/v2\/related-product?post=1755"},{"taxonomy":"tipo-di-prodotto","embeddable":true,"href":"https:\/\/www.xacu3122.odns.fr\/scholles_preprod\/wp-json\/wp\/v2\/tipo-di-prodotto?post=1755"},{"taxonomy":"treatmenttype","embeddable":true,"href":"https:\/\/www.xacu3122.odns.fr\/scholles_preprod\/wp-json\/wp\/v2\/treatmenttype?post=1755"}],"curies":[{"name":"wp","href":"https:\/\/api.w.org\/{rel}","templated":true}]}}