{"id":1638,"date":"2026-03-18T15:41:43","date_gmt":"2026-03-18T14:41:43","guid":{"rendered":"https:\/\/www.xacu3122.odns.fr\/schollfr_preprod\/?post_type=product&#038;p=1638"},"modified":"2026-04-08T14:50:28","modified_gmt":"2026-04-08T12:50:28","slug":"rape-scholl-anti-callosites-technologie-nano-verre","status":"publish","type":"product","link":"https:\/\/www.xacu3122.odns.fr\/schollfr_preprod\/product\/rape-scholl-anti-callosites-technologie-nano-verre\/","title":{"rendered":"R\u00e2pe Scholl Anti-callosit\u00e9s Technologie Nano Verre"},"content":{"rendered":"\t\t<div data-elementor-type=\"wp-post\" data-elementor-id=\"1638\" class=\"elementor elementor-1638\" data-elementor-post-type=\"product\">\n\t\t\t\t<div class=\"elementor-element elementor-element-84d0489 e-flex e-con-boxed e-con e-parent\" data-id=\"84d0489\" data-element_type=\"container\">\n\t\t\t\t\t<div class=\"e-con-inner\">\n\t\t\t\t<div class=\"elementor-element elementor-element-966a539 elementor-widget elementor-widget-text-editor\" data-id=\"966a539\" data-element_type=\"widget\" data-widget_type=\"text-editor.default\">\n\t\t\t\t\t\t\t\t\t<p>La R\u00e2pe Anti-callosit\u00e9s en Nano-verre offre une exfoliation en douceur gr\u00e2ce \u00e0 sa technologie nano-verre innovante.<\/p><p>Con\u00e7ue pour \u00eatre utilis\u00e9e sur des peaux s\u00e8ches ou humides, elle garantit une \u00e9limination plus efficace des peaux mortes par rapport aux r\u00e2pes manuelles traditionnelles en m\u00e9tal.<\/p><p>Sa conception ergonomique la rend facile \u00e0 utiliser, assurant une exp\u00e9rience agr\u00e9able et pratique pour prendre soin de vos pieds en toute simplicit\u00e9.<\/p>\t\t\t\t\t\t\t\t<\/div>\n\t\t\t\t<div class=\"elementor-element elementor-element-dce2164 elementor-widget elementor-widget-text-editor\" data-id=\"dce2164\" data-element_type=\"widget\" data-widget_type=\"text-editor.default\">\n\t\t\t\t\t\t\t\t\t<p>La R\u00e2pe Anti-callosit\u00e9s en Nano-verre offre une exfoliation en douceur gr\u00e2ce \u00e0 sa technologie nano-verre innovante.<\/p><p>Con\u00e7ue pour \u00eatre utilis\u00e9e sur des peaux s\u00e8ches ou humides, elle garantit une \u00e9limination plus efficace des peaux mortes par rapport aux r\u00e2pes manuelles traditionnelles en m\u00e9tal.<\/p><p>Sa conception ergonomique la rend facile \u00e0 utiliser, assurant une exp\u00e9rience agr\u00e9able et pratique pour prendre soin de vos pieds en toute simplicit\u00e9.<\/p>\t\t\t\t\t\t\t\t<\/div>\n\t\t\t\t\t<\/div>\n\t\t\t\t<\/div>\n\t\t<div class=\"elementor-element elementor-element-5207a8d e-flex e-con-boxed e-con e-parent\" data-id=\"5207a8d\" data-element_type=\"container\">\n\t\t\t\t\t<div class=\"e-con-inner\">\n\t\t\t\t<div class=\"elementor-element elementor-element-b4ebd9d elementor-widget elementor-widget-n-accordion\" data-id=\"b4ebd9d\" data-element_type=\"widget\" data-settings=\"{&quot;default_state&quot;:&quot;expanded&quot;,&quot;max_items_expended&quot;:&quot;one&quot;,&quot;n_accordion_animation_duration&quot;:{&quot;unit&quot;:&quot;ms&quot;,&quot;size&quot;:400,&quot;sizes&quot;:[]}}\" data-widget_type=\"nested-accordion.default\">\n\t\t\t\t\t\t\t<div class=\"e-n-accordion\" aria-label=\"Accordion. Open links with Enter or Space, close with Escape, and navigate with Arrow Keys\">\n\t\t\t\t\t\t<details id=\"e-n-accordion-item-1890\" class=\"e-n-accordion-item\" open>\n\t\t\t\t<summary class=\"e-n-accordion-item-title\" data-accordion-index=\"1\" tabindex=\"0\" aria-expanded=\"true\" aria-controls=\"e-n-accordion-item-1890\" >\n\t\t\t\t\t<span class='e-n-accordion-item-title-header'><div class=\"e-n-accordion-item-title-text\"> Conseils d'utilisation <\/div><\/span>\n\t\t\t\t\t\t\t<span class='e-n-accordion-item-title-icon'>\n\t\t\t<span class='e-opened' ><svg aria-hidden=\"true\" class=\"e-font-icon-svg e-fas-chevron-down\" viewBox=\"0 0 448 512\" xmlns=\"http:\/\/www.w3.org\/2000\/svg\"><path d=\"M207.029 381.476L12.686 187.132c-9.373-9.373-9.373-24.569 0-33.941l22.667-22.667c9.357-9.357 24.522-9.375 33.901-.04L224 284.505l154.745-154.021c9.379-9.335 24.544-9.317 33.901.04l22.667 22.667c9.373 9.373 9.373 24.569 0 33.941L240.971 381.476c-9.373 9.372-24.569 9.372-33.942 0z\"><\/path><\/svg><\/span>\n\t\t\t<span class='e-closed'><svg aria-hidden=\"true\" class=\"e-font-icon-svg e-fas-chevron-up\" viewBox=\"0 0 448 512\" xmlns=\"http:\/\/www.w3.org\/2000\/svg\"><path d=\"M240.971 130.524l194.343 194.343c9.373 9.373 9.373 24.569 0 33.941l-22.667 22.667c-9.357 9.357-24.522 9.375-33.901.04L224 227.495 69.255 381.516c-9.379 9.335-24.544 9.317-33.901-.04l-22.667-22.667c-9.373-9.373-9.373-24.569 0-33.941L207.03 130.525c9.372-9.373 24.568-9.373 33.941-.001z\"><\/path><\/svg><\/span>\n\t\t<\/span>\n\n\t\t\t\t\t\t<\/summary>\n\t\t\t\t<div role=\"region\" aria-labelledby=\"e-n-accordion-item-1890\" class=\"elementor-element elementor-element-e098b8f e-con-full e-flex e-con e-child\" data-id=\"e098b8f\" data-element_type=\"container\">\n\t\t\t\t<div class=\"elementor-element elementor-element-d723e31 elementor-widget elementor-widget-text-editor\" data-id=\"d723e31\" data-element_type=\"widget\" data-widget_type=\"text-editor.default\">\n\t\t\t\t\t\t\t\t\t<ul><li>Vous pouvez utiliser cette r\u00e2pe manuelle sur des pieds propres, secs ou mouill\u00e9s<\/li><li>Frottez doucement la surface en verre de la r\u00e2pe sur les zones de peau dure du pied jusqu&rsquo;\u00e0 ce que vous obteniez la douceur et la souplesse souhait\u00e9es<\/li><li>Pour de meilleurs r\u00e9sultats, apr\u00e8s l\u2019exfoliation, hydratez vos pieds<\/li><li>Apr\u00e8s utilisation, laver la r\u00e2pe \u00e0 l&rsquo;eau chaude et la laisser s\u00e9cher \u00e0 l\u2019air libre<\/li><\/ul>\t\t\t\t\t\t\t\t<\/div>\n\t\t\t\t<\/div>\n\t\t\t\t\t<\/details>\n\t\t\t\t\t<\/div>\n\t\t\t\t\t\t<\/div>\n\t\t\t\t\t<\/div>\n\t\t\t\t<\/div>\n\t\t\t\t<\/div>\n\t\t","protected":false},"featured_media":1558,"template":"","meta":{"_acf_changed":false},"condition":[112],"related-product":[114],"type-de-produit":[116],"type-de-traitement":[128],"class_list":["post-1638","product","type-product","status-publish","has-post-thumbnail","hentry","condition-callosites","related-product-callosites","type-de-produit-produit-general","type-de-traitement-rape-manuelle"],"acf":[],"_links":{"self":[{"href":"https:\/\/www.xacu3122.odns.fr\/schollfr_preprod\/wp-json\/wp\/v2\/product\/1638","targetHints":{"allow":["GET"]}}],"collection":[{"href":"https:\/\/www.xacu3122.odns.fr\/schollfr_preprod\/wp-json\/wp\/v2\/product"}],"about":[{"href":"https:\/\/www.xacu3122.odns.fr\/schollfr_preprod\/wp-json\/wp\/v2\/types\/product"}],"version-history":[{"count":12,"href":"https:\/\/www.xacu3122.odns.fr\/schollfr_preprod\/wp-json\/wp\/v2\/product\/1638\/revisions"}],"predecessor-version":[{"id":2076,"href":"https:\/\/www.xacu3122.odns.fr\/schollfr_preprod\/wp-json\/wp\/v2\/product\/1638\/revisions\/2076"}],"wp:featuredmedia":[{"embeddable":true,"href":"https:\/\/www.xacu3122.odns.fr\/schollfr_preprod\/wp-json\/wp\/v2\/media\/1558"}],"wp:attachment":[{"href":"https:\/\/www.xacu3122.odns.fr\/schollfr_preprod\/wp-json\/wp\/v2\/media?parent=1638"}],"wp:term":[{"taxonomy":"condition","embeddable":true,"href":"https:\/\/www.xacu3122.odns.fr\/schollfr_preprod\/wp-json\/wp\/v2\/condition?post=1638"},{"taxonomy":"related-product","embeddable":true,"href":"https:\/\/www.xacu3122.odns.fr\/schollfr_preprod\/wp-json\/wp\/v2\/related-product?post=1638"},{"taxonomy":"type-de-produit","embeddable":true,"href":"https:\/\/www.xacu3122.odns.fr\/schollfr_preprod\/wp-json\/wp\/v2\/type-de-produit?post=1638"},{"taxonomy":"type-de-traitement","embeddable":true,"href":"https:\/\/www.xacu3122.odns.fr\/schollfr_preprod\/wp-json\/wp\/v2\/type-de-traitement?post=1638"}],"curies":[{"name":"wp","href":"https:\/\/api.w.org\/{rel}","templated":true}]}}