{"id":1944,"date":"2026-04-08T11:42:56","date_gmt":"2026-04-08T09:42:56","guid":{"rendered":"https:\/\/www.xacu3122.odns.fr\/schollfr_preprod\/?post_type=product&#038;p=1944"},"modified":"2026-04-08T14:10:47","modified_gmt":"2026-04-08T12:10:47","slug":"scholl-creme-reparation-avancee-150-ml","status":"publish","type":"product","link":"https:\/\/www.xacu3122.odns.fr\/schollfr_preprod\/product\/scholl-creme-reparation-avancee-150-ml\/","title":{"rendered":"Scholl Cr\u00e8me R\u00e9paration Avanc\u00e9e 150 ml"},"content":{"rendered":"\t\t<div data-elementor-type=\"wp-post\" data-elementor-id=\"1944\" class=\"elementor elementor-1944\" data-elementor-post-type=\"product\">\n\t\t\t\t<div class=\"elementor-element elementor-element-283a633 e-flex e-con-boxed e-con e-parent\" data-id=\"283a633\" data-element_type=\"container\">\n\t\t\t\t\t<div class=\"e-con-inner\">\n\t\t\t\t<div class=\"elementor-element elementor-element-7a4f2af elementor-widget elementor-widget-text-editor\" data-id=\"7a4f2af\" data-element_type=\"widget\" data-widget_type=\"text-editor.default\">\n\t\t\t\t\t\t\t\t\t<p>La gamme de cr\u00e8mes pour les pieds Dr. Scholl&rsquo;s est sp\u00e9cialement con\u00e7ue pour la peau des pieds.<\/p><p>Formul\u00e9e avec 10 % d&rsquo;ur\u00e9e, du beurre de karit\u00e9 et de la provitamine B5, elle apporte une hydratation cibl\u00e9e aux couches les plus \u00e9paisses de la peau. Absorption rapide.<\/p><p>R\u00e9g\u00e9n\u00e8re et restaure, pour des pieds plus doux et plus lisses, \u00e0 base 10% d&rsquo;Ur\u00e9e, Beurre de karit\u00e9 et Provitamine B5.<\/p><ul><li><strong>Instantan\u00e9ment :<\/strong> la peau est soulag\u00e9e et intens\u00e9ment hydrat\u00e9e. L&rsquo;apparence de la peau fissur\u00e9e sur les pieds est r\u00e9duite<\/li><li><strong>Sur le long terme :<\/strong> Aide \u00e0 r\u00e9parer la barri\u00e8re naturelle de la peau et \u00e0 pr\u00e9venir l&rsquo;accumulation de peau dure gr\u00e2ce \u00e0 une utilisation r\u00e9guli\u00e8re<\/li><\/ul><p>\u00a0<\/p>\t\t\t\t\t\t\t\t<\/div>\n\t\t\t\t<div class=\"elementor-element elementor-element-64ffbfd elementor-widget elementor-widget-n-accordion\" data-id=\"64ffbfd\" data-element_type=\"widget\" data-settings=\"{&quot;default_state&quot;:&quot;expanded&quot;,&quot;max_items_expended&quot;:&quot;one&quot;,&quot;n_accordion_animation_duration&quot;:{&quot;unit&quot;:&quot;ms&quot;,&quot;size&quot;:400,&quot;sizes&quot;:[]}}\" data-widget_type=\"nested-accordion.default\">\n\t\t\t\t\t\t\t<div class=\"e-n-accordion\" aria-label=\"Accordion. Open links with Enter or Space, close with Escape, and navigate with Arrow Keys\">\n\t\t\t\t\t\t<details id=\"e-n-accordion-item-1050\" class=\"e-n-accordion-item\" open>\n\t\t\t\t<summary class=\"e-n-accordion-item-title\" data-accordion-index=\"1\" tabindex=\"0\" aria-expanded=\"true\" aria-controls=\"e-n-accordion-item-1050\" >\n\t\t\t\t\t<span class='e-n-accordion-item-title-header'><div class=\"e-n-accordion-item-title-text\"> Comment l'utiliser <\/div><\/span>\n\t\t\t\t\t\t\t<span class='e-n-accordion-item-title-icon'>\n\t\t\t<span class='e-opened' ><svg aria-hidden=\"true\" class=\"e-font-icon-svg e-fas-chevron-down\" viewBox=\"0 0 448 512\" xmlns=\"http:\/\/www.w3.org\/2000\/svg\"><path d=\"M207.029 381.476L12.686 187.132c-9.373-9.373-9.373-24.569 0-33.941l22.667-22.667c9.357-9.357 24.522-9.375 33.901-.04L224 284.505l154.745-154.021c9.379-9.335 24.544-9.317 33.901.04l22.667 22.667c9.373 9.373 9.373 24.569 0 33.941L240.971 381.476c-9.373 9.372-24.569 9.372-33.942 0z\"><\/path><\/svg><\/span>\n\t\t\t<span class='e-closed'><svg aria-hidden=\"true\" class=\"e-font-icon-svg e-fas-chevron-up\" viewBox=\"0 0 448 512\" xmlns=\"http:\/\/www.w3.org\/2000\/svg\"><path d=\"M240.971 130.524l194.343 194.343c9.373 9.373 9.373 24.569 0 33.941l-22.667 22.667c-9.357 9.357-24.522 9.375-33.901.04L224 227.495 69.255 381.516c-9.379 9.335-24.544 9.317-33.901-.04l-22.667-22.667c-9.373-9.373-9.373-24.569 0-33.941L207.03 130.525c9.372-9.373 24.568-9.373 33.941-.001z\"><\/path><\/svg><\/span>\n\t\t<\/span>\n\n\t\t\t\t\t\t<\/summary>\n\t\t\t\t<div role=\"region\" aria-labelledby=\"e-n-accordion-item-1050\" class=\"elementor-element elementor-element-185e82e e-con-full e-flex e-con e-child\" data-id=\"185e82e\" data-element_type=\"container\">\n\t\t\t\t<div class=\"elementor-element elementor-element-bc42580 elementor-widget elementor-widget-text-editor\" data-id=\"bc42580\" data-element_type=\"widget\" data-widget_type=\"text-editor.default\">\n\t\t\t\t\t\t\t\t\t<p id=\"isPasted\">1. Appliquez selon les besoins sur des pieds propres et secs<\/p><p>2. Massez d\u00e9licatement et de mani\u00e8re r\u00e9guli\u00e8re pour aider \u00e0 pr\u00e9venir l&rsquo;accumulation des peaux dures.<\/p><p>3. Une fois la peau r\u00e9par\u00e9e, continuez \u00e0 utiliser la cr\u00e8me d\u00e8s que c&rsquo;est n\u00e9cessaire pour pr\u00e9server l&rsquo;\u00e9tat de la peau.<\/p>\t\t\t\t\t\t\t\t<\/div>\n\t\t\t\t<\/div>\n\t\t\t\t\t<\/details>\n\t\t\t\t\t\t<details id=\"e-n-accordion-item-1051\" class=\"e-n-accordion-item\" >\n\t\t\t\t<summary class=\"e-n-accordion-item-title\" data-accordion-index=\"2\" tabindex=\"-1\" aria-expanded=\"false\" aria-controls=\"e-n-accordion-item-1051\" >\n\t\t\t\t\t<span class='e-n-accordion-item-title-header'><div class=\"e-n-accordion-item-title-text\"> Pr\u00e9cautions d'usage <\/div><\/span>\n\t\t\t\t\t\t\t<span class='e-n-accordion-item-title-icon'>\n\t\t\t<span class='e-opened' ><svg aria-hidden=\"true\" class=\"e-font-icon-svg e-fas-chevron-down\" viewBox=\"0 0 448 512\" xmlns=\"http:\/\/www.w3.org\/2000\/svg\"><path d=\"M207.029 381.476L12.686 187.132c-9.373-9.373-9.373-24.569 0-33.941l22.667-22.667c9.357-9.357 24.522-9.375 33.901-.04L224 284.505l154.745-154.021c9.379-9.335 24.544-9.317 33.901.04l22.667 22.667c9.373 9.373 9.373 24.569 0 33.941L240.971 381.476c-9.373 9.372-24.569 9.372-33.942 0z\"><\/path><\/svg><\/span>\n\t\t\t<span class='e-closed'><svg aria-hidden=\"true\" class=\"e-font-icon-svg e-fas-chevron-up\" viewBox=\"0 0 448 512\" xmlns=\"http:\/\/www.w3.org\/2000\/svg\"><path d=\"M240.971 130.524l194.343 194.343c9.373 9.373 9.373 24.569 0 33.941l-22.667 22.667c-9.357 9.357-24.522 9.375-33.901.04L224 227.495 69.255 381.516c-9.379 9.335-24.544 9.317-33.901-.04l-22.667-22.667c-9.373-9.373-9.373-24.569 0-33.941L207.03 130.525c9.372-9.373 24.568-9.373 33.941-.001z\"><\/path><\/svg><\/span>\n\t\t<\/span>\n\n\t\t\t\t\t\t<\/summary>\n\t\t\t\t<div role=\"region\" aria-labelledby=\"e-n-accordion-item-1051\" class=\"elementor-element elementor-element-1b1e852 e-flex e-con-boxed e-con e-child\" data-id=\"1b1e852\" data-element_type=\"container\">\n\t\t\t\t\t<div class=\"e-con-inner\">\n\t\t\t\t<div class=\"elementor-element elementor-element-90c33c3 elementor-widget elementor-widget-text-editor\" data-id=\"90c33c3\" data-element_type=\"widget\" data-widget_type=\"text-editor.default\">\n\t\t\t\t\t\t\t\t\t<ul><li>Stocker de pr\u00e9f\u00e9rence \u00e0 moins de 25\u00b0.<\/li><li>Ce produit peut \u00eatre utilis\u00e9 si votre client souffre de diab\u00e8te ou d&rsquo;une mauvaise circulation sanguine.<\/li><li>Usage externe uniquement.<\/li><li>Tenir hors de port\u00e9e des enfants.<\/li><li>Ne pas appliquer sur une peau ab\u00eem\u00e9e, douloureuse ou irrit\u00e9e. Arr\u00eater imm\u00e9diatement l&rsquo;utilisation en cas d&rsquo;irritation.<\/li><li>\u00c9viter tout contact avec les yeux.<\/li><\/ul>\t\t\t\t\t\t\t\t<\/div>\n\t\t\t\t\t<\/div>\n\t\t\t\t<\/div>\n\t\t\t\t\t<\/details>\n\t\t\t\t\t<\/div>\n\t\t\t\t\t\t<\/div>\n\t\t\t\t\t<\/div>\n\t\t\t\t<\/div>\n\t\t\t\t<\/div>\n\t\t","protected":false},"featured_media":1552,"template":"","meta":{"_acf_changed":false},"condition":[108],"related-product":[81],"type-de-produit":[110],"type-de-traitement":[109],"class_list":["post-1944","product","type-product","status-publish","has-post-thumbnail","hentry","condition-peau-seche","related-product-hydratation","type-de-produit-cosmetiques","type-de-traitement-creme"],"acf":[],"_links":{"self":[{"href":"https:\/\/www.xacu3122.odns.fr\/schollfr_preprod\/wp-json\/wp\/v2\/product\/1944","targetHints":{"allow":["GET"]}}],"collection":[{"href":"https:\/\/www.xacu3122.odns.fr\/schollfr_preprod\/wp-json\/wp\/v2\/product"}],"about":[{"href":"https:\/\/www.xacu3122.odns.fr\/schollfr_preprod\/wp-json\/wp\/v2\/types\/product"}],"version-history":[{"count":7,"href":"https:\/\/www.xacu3122.odns.fr\/schollfr_preprod\/wp-json\/wp\/v2\/product\/1944\/revisions"}],"predecessor-version":[{"id":2023,"href":"https:\/\/www.xacu3122.odns.fr\/schollfr_preprod\/wp-json\/wp\/v2\/product\/1944\/revisions\/2023"}],"wp:featuredmedia":[{"embeddable":true,"href":"https:\/\/www.xacu3122.odns.fr\/schollfr_preprod\/wp-json\/wp\/v2\/media\/1552"}],"wp:attachment":[{"href":"https:\/\/www.xacu3122.odns.fr\/schollfr_preprod\/wp-json\/wp\/v2\/media?parent=1944"}],"wp:term":[{"taxonomy":"condition","embeddable":true,"href":"https:\/\/www.xacu3122.odns.fr\/schollfr_preprod\/wp-json\/wp\/v2\/condition?post=1944"},{"taxonomy":"related-product","embeddable":true,"href":"https:\/\/www.xacu3122.odns.fr\/schollfr_preprod\/wp-json\/wp\/v2\/related-product?post=1944"},{"taxonomy":"type-de-produit","embeddable":true,"href":"https:\/\/www.xacu3122.odns.fr\/schollfr_preprod\/wp-json\/wp\/v2\/type-de-produit?post=1944"},{"taxonomy":"type-de-traitement","embeddable":true,"href":"https:\/\/www.xacu3122.odns.fr\/schollfr_preprod\/wp-json\/wp\/v2\/type-de-traitement?post=1944"}],"curies":[{"name":"wp","href":"https:\/\/api.w.org\/{rel}","templated":true}]}}