{"id":1983,"date":"2026-04-08T13:18:38","date_gmt":"2026-04-08T11:18:38","guid":{"rendered":"https:\/\/www.xacu3122.odns.fr\/schollfr_preprod\/?post_type=product&#038;p=1983"},"modified":"2026-04-08T13:22:17","modified_gmt":"2026-04-08T11:22:17","slug":"scholl-traitement-mycose-de-longle","status":"publish","type":"product","link":"https:\/\/www.xacu3122.odns.fr\/schollfr_preprod\/product\/scholl-traitement-mycose-de-longle\/","title":{"rendered":"Scholl Traitement Mycose de l&rsquo;ongle"},"content":{"rendered":"\t\t<div data-elementor-type=\"wp-post\" data-elementor-id=\"1983\" class=\"elementor elementor-1983\" data-elementor-post-type=\"product\">\n\t\t\t\t<div class=\"elementor-element elementor-element-3e504ed e-flex e-con-boxed e-con e-parent\" data-id=\"3e504ed\" data-element_type=\"container\">\n\t\t\t\t\t<div class=\"e-con-inner\">\n\t\t\t\t<div class=\"elementor-element elementor-element-cc06d71 elementor-widget elementor-widget-text-editor\" data-id=\"cc06d71\" data-element_type=\"widget\" data-widget_type=\"text-editor.default\">\n\t\t\t\t\t\t\t\t\t<p>Traitement Mycose de l\u2019Ongle de Dr. Scholl\u2019s soulage les sympt\u00f4mes li\u00e9s \u00e0 la mycose de l\u2019ongle, y compris les ongles \u00e9paissis, d\u00e9color\u00e9s ou cassants.<\/p><p>Il aide \u00e0 redonner aux ongles une apparence plus saine en formant une couche protectrice qui favorise le r\u00e9tablissement et apporte une am\u00e9lioration visible imm\u00e9diate.<\/p><p>Traitement Mycose de l\u2019Ongle de Dr. Scholl\u2019s traite la mycose de l\u2019ongle des mains et des pieds chez les adultes et les enfants \u00e0 partir de 16 ans.<\/p><p>R\u00c9SULTATS VISIBLES IMM\u00c9DIATEMENT.<\/p>\t\t\t\t\t\t\t\t<\/div>\n\t\t\t\t\t<\/div>\n\t\t\t\t<\/div>\n\t\t<div class=\"elementor-element elementor-element-1da3a5c e-flex e-con-boxed e-con e-parent\" data-id=\"1da3a5c\" data-element_type=\"container\">\n\t\t\t\t\t<div class=\"e-con-inner\">\n\t\t\t\t<div class=\"elementor-element elementor-element-8914c83 elementor-widget elementor-widget-n-accordion\" data-id=\"8914c83\" data-element_type=\"widget\" data-settings=\"{&quot;default_state&quot;:&quot;expanded&quot;,&quot;max_items_expended&quot;:&quot;one&quot;,&quot;n_accordion_animation_duration&quot;:{&quot;unit&quot;:&quot;ms&quot;,&quot;size&quot;:400,&quot;sizes&quot;:[]}}\" data-widget_type=\"nested-accordion.default\">\n\t\t\t\t\t\t\t<div class=\"e-n-accordion\" aria-label=\"Accordion. Open links with Enter or Space, close with Escape, and navigate with Arrow Keys\">\n\t\t\t\t\t\t<details id=\"e-n-accordion-item-1430\" class=\"e-n-accordion-item\" open>\n\t\t\t\t<summary class=\"e-n-accordion-item-title\" data-accordion-index=\"1\" tabindex=\"0\" aria-expanded=\"true\" aria-controls=\"e-n-accordion-item-1430\" >\n\t\t\t\t\t<span class='e-n-accordion-item-title-header'><div class=\"e-n-accordion-item-title-text\"> Pr\u00e9cautions d'usage <\/div><\/span>\n\t\t\t\t\t\t\t<span class='e-n-accordion-item-title-icon'>\n\t\t\t<span class='e-opened' ><svg aria-hidden=\"true\" class=\"e-font-icon-svg e-fas-chevron-down\" viewBox=\"0 0 448 512\" xmlns=\"http:\/\/www.w3.org\/2000\/svg\"><path d=\"M207.029 381.476L12.686 187.132c-9.373-9.373-9.373-24.569 0-33.941l22.667-22.667c9.357-9.357 24.522-9.375 33.901-.04L224 284.505l154.745-154.021c9.379-9.335 24.544-9.317 33.901.04l22.667 22.667c9.373 9.373 9.373 24.569 0 33.941L240.971 381.476c-9.373 9.372-24.569 9.372-33.942 0z\"><\/path><\/svg><\/span>\n\t\t\t<span class='e-closed'><svg aria-hidden=\"true\" class=\"e-font-icon-svg e-fas-chevron-up\" viewBox=\"0 0 448 512\" xmlns=\"http:\/\/www.w3.org\/2000\/svg\"><path d=\"M240.971 130.524l194.343 194.343c9.373 9.373 9.373 24.569 0 33.941l-22.667 22.667c-9.357 9.357-24.522 9.375-33.901.04L224 227.495 69.255 381.516c-9.379 9.335-24.544 9.317-33.901-.04l-22.667-22.667c-9.373-9.373-9.373-24.569 0-33.941L207.03 130.525c9.372-9.373 24.568-9.373 33.941-.001z\"><\/path><\/svg><\/span>\n\t\t<\/span>\n\n\t\t\t\t\t\t<\/summary>\n\t\t\t\t<div role=\"region\" aria-labelledby=\"e-n-accordion-item-1430\" class=\"elementor-element elementor-element-696b90b e-flex e-con-boxed e-con e-child\" data-id=\"696b90b\" data-element_type=\"container\">\n\t\t\t\t\t<div class=\"e-con-inner\">\n\t\t\t\t<div class=\"elementor-element elementor-element-db99562 elementor-widget elementor-widget-text-editor\" data-id=\"db99562\" data-element_type=\"widget\" data-widget_type=\"text-editor.default\">\n\t\t\t\t\t\t\t\t\t<ul><li>Avant d&rsquo;utiliser ce produit, lire attentivement la notice. Elle comporte des instructions compl\u00e8tes, des pr\u00e9cautions et des d\u00e9tails sur le produit.<\/li><li>Le produit Mycose de l\u2019Ongle 2-en-1 de Dr. Scholl\u2019s traite la mycose de l\u2019ongle des mains et des pieds chez les adultes et les enfants \u00e0 partir de 16 ans.<\/li><li>Les personnes atteintes de diab\u00e8te doivent consulter un professionnel de la sant\u00e9 avant d&rsquo;utiliser ce produit.<\/li><li>Consulter votre m\u00e9decin si vous \u00eates enceinte, si vous allaitez, ou si vous \u00eates atteint de diab\u00e8te, car les risques dans ces cas ne sont pas connus.<\/li><li>Ne pas utiliser ce produit si vous \u00eates allergique ou sensible \u00e0 l&rsquo;un de ses ingr\u00e9dients.<\/li><\/ul>\t\t\t\t\t\t\t\t<\/div>\n\t\t\t\t\t<\/div>\n\t\t\t\t<\/div>\n\t\t\t\t\t<\/details>\n\t\t\t\t\t<\/div>\n\t\t\t\t\t\t<\/div>\n\t\t\t\t\t<\/div>\n\t\t\t\t<\/div>\n\t\t\t\t<\/div>\n\t\t","protected":false},"featured_media":1490,"template":"","meta":{"_acf_changed":false},"condition":[118],"related-product":[121],"type-de-produit":[120],"type-de-traitement":[119],"class_list":["post-1983","product","type-product","status-publish","has-post-thumbnail","hentry","condition-mycose-de-longle","related-product-mycose-de-longle","type-de-produit-dispositif-medical","type-de-traitement-stylo-de-precision"],"acf":[],"_links":{"self":[{"href":"https:\/\/www.xacu3122.odns.fr\/schollfr_preprod\/wp-json\/wp\/v2\/product\/1983","targetHints":{"allow":["GET"]}}],"collection":[{"href":"https:\/\/www.xacu3122.odns.fr\/schollfr_preprod\/wp-json\/wp\/v2\/product"}],"about":[{"href":"https:\/\/www.xacu3122.odns.fr\/schollfr_preprod\/wp-json\/wp\/v2\/types\/product"}],"version-history":[{"count":4,"href":"https:\/\/www.xacu3122.odns.fr\/schollfr_preprod\/wp-json\/wp\/v2\/product\/1983\/revisions"}],"predecessor-version":[{"id":1987,"href":"https:\/\/www.xacu3122.odns.fr\/schollfr_preprod\/wp-json\/wp\/v2\/product\/1983\/revisions\/1987"}],"wp:featuredmedia":[{"embeddable":true,"href":"https:\/\/www.xacu3122.odns.fr\/schollfr_preprod\/wp-json\/wp\/v2\/media\/1490"}],"wp:attachment":[{"href":"https:\/\/www.xacu3122.odns.fr\/schollfr_preprod\/wp-json\/wp\/v2\/media?parent=1983"}],"wp:term":[{"taxonomy":"condition","embeddable":true,"href":"https:\/\/www.xacu3122.odns.fr\/schollfr_preprod\/wp-json\/wp\/v2\/condition?post=1983"},{"taxonomy":"related-product","embeddable":true,"href":"https:\/\/www.xacu3122.odns.fr\/schollfr_preprod\/wp-json\/wp\/v2\/related-product?post=1983"},{"taxonomy":"type-de-produit","embeddable":true,"href":"https:\/\/www.xacu3122.odns.fr\/schollfr_preprod\/wp-json\/wp\/v2\/type-de-produit?post=1983"},{"taxonomy":"type-de-traitement","embeddable":true,"href":"https:\/\/www.xacu3122.odns.fr\/schollfr_preprod\/wp-json\/wp\/v2\/type-de-traitement?post=1983"}],"curies":[{"name":"wp","href":"https:\/\/api.w.org\/{rel}","templated":true}]}}