{"id":537,"date":"2026-01-27T13:58:53","date_gmt":"2026-01-27T12:58:53","guid":{"rendered":"https:\/\/www.xacu3122.odns.fr\/schollit_preprod\/?page_id=537"},"modified":"2026-04-28T17:38:12","modified_gmt":"2026-04-28T15:38:12","slug":"fip","status":"publish","type":"page","link":"https:\/\/www.xacu3122.odns.fr\/schollit_preprod\/fip\/","title":{"rendered":"FIP"},"content":{"rendered":"\t\t<div data-elementor-type=\"wp-page\" data-elementor-id=\"537\" class=\"elementor elementor-537\" data-elementor-post-type=\"page\">\n\t\t\t\t<div class=\"elementor-element elementor-element-a280ea4 e-flex e-con-boxed e-con e-parent\" data-id=\"a280ea4\" data-element_type=\"container\">\n\t\t\t\t\t<div class=\"e-con-inner\">\n\t\t<div class=\"elementor-element elementor-element-e4aefb4 e-con-full e-flex e-con e-child\" data-id=\"e4aefb4\" data-element_type=\"container\" data-settings=\"{&quot;background_background&quot;:&quot;classic&quot;}\">\n\t\t\t\t<div class=\"elementor-element elementor-element-8d83017 elementor-widget elementor-widget-image\" data-id=\"8d83017\" data-element_type=\"widget\" data-widget_type=\"image.default\">\n\t\t\t\t\t\t\t\t\t\t\t\t\t\t\t<img fetchpriority=\"high\" decoding=\"async\" width=\"225\" height=\"225\" src=\"https:\/\/www.xacu3122.odns.fr\/schollit_preprod\/wp-content\/uploads\/2026\/04\/images-1.png\" class=\"attachment-large size-large wp-image-1953\" alt=\"\" srcset=\"https:\/\/www.xacu3122.odns.fr\/schollit_preprod\/wp-content\/uploads\/2026\/04\/images-1.png 225w, https:\/\/www.xacu3122.odns.fr\/schollit_preprod\/wp-content\/uploads\/2026\/04\/images-1-150x150.png 150w\" sizes=\"(max-width: 225px) 100vw, 225px\" \/>\t\t\t\t\t\t\t\t\t\t\t\t\t\t\t<\/div>\n\t\t\t\t<\/div>\n\t\t<div class=\"elementor-element elementor-element-b037a60 e-con-full e-flex e-con e-child\" data-id=\"b037a60\" data-element_type=\"container\" data-settings=\"{&quot;background_background&quot;:&quot;classic&quot;}\">\n\t\t\t\t<div class=\"elementor-element elementor-element-94531cd elementor-widget elementor-widget-global elementor-global-307 elementor-widget-shortcode\" data-id=\"94531cd\" data-element_type=\"widget\" data-widget_type=\"shortcode.default\">\n\t\t\t\t\t<nav class=\"breadcrumbs\" aria-label=\"Breadcrumb\"><a href=\"https:\/\/www.xacu3122.odns.fr\/schollit_preprod\/\">Home<\/a><\/nav>\t\t<div class=\"elementor-shortcode\">\n<\/div>\n\t\t\t\t\t\t<\/div>\n\t\t\t\t<div class=\"elementor-element elementor-element-e900400 elementor-widget elementor-widget-heading\" data-id=\"e900400\" data-element_type=\"widget\" data-widget_type=\"heading.default\">\n\t\t\t\t\t<h1 class=\"elementor-heading-title elementor-size-default\">FEDERAZIONE INTERNAZIONALE DEL FARMACO<\/h1>\t\t\t\t<\/div>\n\t\t\t\t<\/div>\n\t\t\t\t\t<\/div>\n\t\t\t\t<\/div>\n\t\t<div class=\"elementor-element elementor-element-b622347 e-flex e-con-boxed e-con e-parent\" data-id=\"b622347\" data-element_type=\"container\">\n\t\t\t\t\t<div class=\"e-con-inner\">\n\t\t<div class=\"elementor-element elementor-element-2b1a3a8 e-con-full e-flex e-con e-child\" data-id=\"2b1a3a8\" data-element_type=\"container\" data-settings=\"{&quot;background_background&quot;:&quot;classic&quot;}\">\n\t\t\t\t<div class=\"elementor-element elementor-element-63c5b0d elementor-widget elementor-widget-image\" data-id=\"63c5b0d\" data-element_type=\"widget\" data-widget_type=\"image.default\">\n\t\t\t\t\t\t\t\t\t\t\t\t\t\t\t<img decoding=\"async\" width=\"800\" height=\"184\" src=\"https:\/\/www.xacu3122.odns.fr\/schollit_preprod\/wp-content\/uploads\/2026\/04\/FIP-Pharmacy-for-All-Logo-BLACK-1-scaled-1-1024x235.png\" class=\"attachment-large size-large wp-image-1954\" alt=\"\" srcset=\"https:\/\/www.xacu3122.odns.fr\/schollit_preprod\/wp-content\/uploads\/2026\/04\/FIP-Pharmacy-for-All-Logo-BLACK-1-scaled-1-1024x235.png 1024w, https:\/\/www.xacu3122.odns.fr\/schollit_preprod\/wp-content\/uploads\/2026\/04\/FIP-Pharmacy-for-All-Logo-BLACK-1-scaled-1-300x69.png 300w, https:\/\/www.xacu3122.odns.fr\/schollit_preprod\/wp-content\/uploads\/2026\/04\/FIP-Pharmacy-for-All-Logo-BLACK-1-scaled-1-768x176.png 768w, https:\/\/www.xacu3122.odns.fr\/schollit_preprod\/wp-content\/uploads\/2026\/04\/FIP-Pharmacy-for-All-Logo-BLACK-1-scaled-1-1536x352.png 1536w, https:\/\/www.xacu3122.odns.fr\/schollit_preprod\/wp-content\/uploads\/2026\/04\/FIP-Pharmacy-for-All-Logo-BLACK-1-scaled-1-2048x470.png 2048w\" sizes=\"(max-width: 800px) 100vw, 800px\" \/>\t\t\t\t\t\t\t\t\t\t\t\t\t\t\t<\/div>\n\t\t\t\t<div class=\"elementor-element elementor-element-ab3f60e elementor-widget elementor-widget-text-editor\" data-id=\"ab3f60e\" data-element_type=\"widget\" data-widget_type=\"text-editor.default\">\n\t\t\t\t\t\t\t\t\t<p>La Federazione Internazionale del Farmaco (FIP), fondata nel 1912, \u00e8 oggi una realt\u00e0 di riferimento a livello globale nel campo della farmacia. Attraverso una rete di 160 organizzazioni nazionali, collaborazioni con enti internazionali quali OMS e UNESCO, nonch\u00e9 membri accademici e individuali, la FIP rappresenta oltre quattro milioni di farmacisti, ricercatori ed educatori farmaceutici nel mondo. Clicca <a href=\"https:\/\/fippharmacyforall.com\/\">qui<\/a> per conoscere la storia della FIP.<\/p><p><!--EndFragment --><\/p>\t\t\t\t\t\t\t\t<\/div>\n\t\t\t\t<div class=\"elementor-element elementor-element-8261e17 elementor-widget elementor-widget-video\" data-id=\"8261e17\" data-element_type=\"widget\" data-settings=\"{&quot;video_type&quot;:&quot;hosted&quot;,&quot;controls&quot;:&quot;yes&quot;}\" data-widget_type=\"video.default\">\n\t\t\t\t\t\t\t<div class=\"e-hosted-video elementor-wrapper elementor-open-inline\">\n\t\t\t\t\t<video class=\"elementor-video\" src=\"https:\/\/www.xacu3122.odns.fr\/schollit_preprod\/wp-content\/uploads\/2026\/04\/FIP07_SCHOLLS_FINAL_IT-compressed.mp4\" controls=\"\" preload=\"metadata\" controlsList=\"nodownload\" poster=\"https:\/\/www.xacu3122.odns.fr\/schollit_preprod\/wp-content\/uploads\/2026\/04\/Capture-decran-2026-04-28-173734.png\"><\/video>\n\t\t\t\t<\/div>\n\t\t\t\t\t\t<\/div>\n\t\t\t\t<div class=\"elementor-element elementor-element-3554873 elementor-widget elementor-widget-text-editor\" data-id=\"3554873\" data-element_type=\"widget\" data-widget_type=\"text-editor.default\">\n\t\t\t\t\t\t\t\t\t<p>La FIP opera per promuovere lo sviluppo della professione farmaceutica attraverso il rafforzamento della pratica professionale, la valorizzazione delle innovazioni scientifiche emergenti e lo sviluppo della forza lavoro del settore, al fine di rispondere alle esigenze e alle aspettative sanitarie globali. Parallelamente, continua a consolidare la propria presenza nell\u2019ambito della farmacia e delle scienze farmaceutiche, rafforzando il proprio ruolo nel panorama internazionale grazie a collaborazioni con alcune delle pi\u00f9 autorevoli istituzioni nei settori della salute, delle politiche pubbliche, dell\u2019istruzione e della ricerca scientifica.<\/p><p>La sua \u201cvision\u201d \u00e8 un mondo in cui tutti abbiano equo accesso a farmaci e a tecnologie sanitarie sicure, efficaci, di qualit\u00e0 e accessibili, e possano beneficiare dei servizi di assistenza farmaceutica forniti dai farmacisti in collaborazione con altri professionisti della salute.<\/p><p>La missione della FIP \u00e8 contribuire al miglioramento della salute globale sostenendo l\u2019avanzamento delle buone pratiche di salute, delle scienze e della formazione farmaceutica.<\/p><p>In linea con questa visione, \u00e8 stata lanciata la DocuSeries <strong><em>Pharmacy For All<\/em><\/strong>, una serie di brevi produzioni video accompagnate da Executive Summary, pensate per offrire contenuti di eccellenza, leadership di pensiero e orientamenti sui temi strategici che interessano la comunit\u00e0 farmaceutica, nonch\u00e9 i pazienti e le comunit\u00e0 da essa servite.<\/p><p><strong><em>Pharmacy For All<\/em><\/strong> sar\u00e0 distribuita da Associated Press (AP), dalla FIP e dalla sua rete, per raggiungere la comunit\u00e0 farmaceutica globale e tutti coloro che ne fanno parte o ne beneficiano.<\/p><p><!--EndFragment --><\/p>\t\t\t\t\t\t\t\t<\/div>\n\t\t\t\t<\/div>\n\t\t\t\t\t<\/div>\n\t\t\t\t<\/div>\n\t\t\t\t<\/div>\n\t\t","protected":false},"excerpt":{"rendered":"<p>FEDERAZIONE INTERNAZIONALE DEL FARMACO La Federazione Internazionale del Farmaco (FIP), fondata nel 1912, \u00e8 oggi una realt\u00e0 di riferimento a livello globale nel campo della farmacia. Attraverso una rete di 160 organizzazioni nazionali, collaborazioni con enti internazionali quali OMS e UNESCO, nonch\u00e9 membri accademici e individuali, la FIP rappresenta oltre quattro milioni di farmacisti, ricercatori [&hellip;]<\/p>\n","protected":false},"author":2,"featured_media":0,"parent":0,"menu_order":0,"comment_status":"closed","ping_status":"closed","template":"elementor_header_footer","meta":{"_acf_changed":false,"footnotes":""},"class_list":["post-537","page","type-page","status-publish","hentry"],"acf":[],"_links":{"self":[{"href":"https:\/\/www.xacu3122.odns.fr\/schollit_preprod\/wp-json\/wp\/v2\/pages\/537","targetHints":{"allow":["GET"]}}],"collection":[{"href":"https:\/\/www.xacu3122.odns.fr\/schollit_preprod\/wp-json\/wp\/v2\/pages"}],"about":[{"href":"https:\/\/www.xacu3122.odns.fr\/schollit_preprod\/wp-json\/wp\/v2\/types\/page"}],"author":[{"embeddable":true,"href":"https:\/\/www.xacu3122.odns.fr\/schollit_preprod\/wp-json\/wp\/v2\/users\/2"}],"replies":[{"embeddable":true,"href":"https:\/\/www.xacu3122.odns.fr\/schollit_preprod\/wp-json\/wp\/v2\/comments?post=537"}],"version-history":[{"count":31,"href":"https:\/\/www.xacu3122.odns.fr\/schollit_preprod\/wp-json\/wp\/v2\/pages\/537\/revisions"}],"predecessor-version":[{"id":2051,"href":"https:\/\/www.xacu3122.odns.fr\/schollit_preprod\/wp-json\/wp\/v2\/pages\/537\/revisions\/2051"}],"wp:attachment":[{"href":"https:\/\/www.xacu3122.odns.fr\/schollit_preprod\/wp-json\/wp\/v2\/media?parent=537"}],"curies":[{"name":"wp","href":"https:\/\/api.w.org\/{rel}","templated":true}]}}