{"id":349,"date":"2025-12-29T14:57:38","date_gmt":"2025-12-29T13:57:38","guid":{"rendered":"https:\/\/www.xacu3122.odns.fr\/schollpt_preprod\/?page_id=349"},"modified":"2026-04-16T17:10:36","modified_gmt":"2026-04-16T15:10:36","slug":"resources","status":"publish","type":"page","link":"https:\/\/www.xacu3122.odns.fr\/schollpt_preprod\/resources\/","title":{"rendered":"Resources"},"content":{"rendered":"\t\t<div data-elementor-type=\"wp-page\" data-elementor-id=\"349\" class=\"elementor elementor-349\" data-elementor-post-type=\"page\">\n\t\t\t\t<div class=\"elementor-element elementor-element-7c9749f e-flex e-con-boxed e-con e-parent\" data-id=\"7c9749f\" data-element_type=\"container\">\n\t\t\t\t\t<div class=\"e-con-inner\">\n\t\t<div class=\"elementor-element elementor-element-aec8cf8 e-con-full e-flex e-con e-child\" data-id=\"aec8cf8\" data-element_type=\"container\" data-settings=\"{&quot;background_background&quot;:&quot;classic&quot;}\">\n\t\t\t\t<\/div>\n\t\t<div class=\"elementor-element elementor-element-53ea905 e-con-full e-flex e-con e-child\" data-id=\"53ea905\" data-element_type=\"container\" data-settings=\"{&quot;background_background&quot;:&quot;classic&quot;}\">\n\t\t\t\t<div class=\"elementor-element elementor-element-16b8a24 elementor-widget elementor-widget-global elementor-global-307 elementor-widget-shortcode\" data-id=\"16b8a24\" data-element_type=\"widget\" data-widget_type=\"shortcode.default\">\n\t\t\t\t\t<nav class=\"breadcrumbs\" aria-label=\"Breadcrumb\"><a href=\"https:\/\/www.xacu3122.odns.fr\/schollpt_preprod\/\">Home<\/a><\/nav>\t\t<div class=\"elementor-shortcode\">\n<\/div>\n\t\t\t\t\t\t<\/div>\n\t\t\t\t<div class=\"elementor-element elementor-element-6d489ab elementor-widget elementor-widget-heading\" data-id=\"6d489ab\" data-element_type=\"widget\" data-widget_type=\"heading.default\">\n\t\t\t\t\t<h1 class=\"elementor-heading-title elementor-size-default\">Resources<\/h1>\t\t\t\t<\/div>\n\t\t\t\t<\/div>\n\t\t\t\t\t<\/div>\n\t\t\t\t<\/div>\n\t\t<div class=\"elementor-element elementor-element-e826d85 e-flex e-con-boxed e-con e-parent\" data-id=\"e826d85\" data-element_type=\"container\">\n\t\t\t\t\t<div class=\"e-con-inner\">\n\t\t<div class=\"elementor-element elementor-element-e8a0e98 e-con-full e-flex e-con e-child\" data-id=\"e8a0e98\" data-element_type=\"container\" data-settings=\"{&quot;background_background&quot;:&quot;classic&quot;}\">\n\t\t\t\t<div class=\"elementor-element elementor-element-88638d2 elementor-widget elementor-widget-heading\" data-id=\"88638d2\" data-element_type=\"widget\" data-widget_type=\"heading.default\">\n\t\t\t\t\t<span class=\"elementor-heading-title elementor-size-default\">Filter by<\/span>\t\t\t\t<\/div>\n\t\t<div class=\"elementor-element elementor-element-e08e9f7 e-con-full e-flex e-con e-child\" data-id=\"e08e9f7\" data-element_type=\"container\">\n\t\t\t\t<div class=\"elementor-element elementor-element-26a33b0 elementor-widget elementor-widget-heading\" data-id=\"26a33b0\" data-element_type=\"widget\" data-widget_type=\"heading.default\">\n\t\t\t\t\t<span class=\"elementor-heading-title elementor-size-default\">Condition<\/span>\t\t\t\t<\/div>\n\t\t\t\t<div class=\"elementor-element elementor-element-f4e1153 elementor-widget elementor-widget-shortcode\" data-id=\"f4e1153\" data-element_type=\"widget\" data-widget_type=\"shortcode.default\">\n\t\t\t\t\t\t\t<div class=\"elementor-shortcode\"><div class=\"facetwp-facet facetwp-facet-condition_ressource facetwp-type-radio\" data-name=\"condition_ressource\" data-type=\"radio\"><\/div><\/div>\n\t\t\t\t\t\t<\/div>\n\t\t\t\t<\/div>\n\t\t\t\t<\/div>\n\t\t<div class=\"elementor-element elementor-element-de6864a e-con-full e-flex e-con e-child\" data-id=\"de6864a\" data-element_type=\"container\" data-settings=\"{&quot;background_background&quot;:&quot;classic&quot;}\">\n\t\t\t\t<div class=\"facetwp-template facetwp-elementor-widget elementor-element elementor-element-9c51038 elementor-grid-2 elementor-grid-tablet-2 elementor-grid-mobile-1 elementor-widget elementor-widget-loop-grid\" data-id=\"9c51038\" data-element_type=\"widget\" data-settings=\"{&quot;template_id&quot;:245,&quot;columns&quot;:2,&quot;pagination_type&quot;:&quot;load_more_infinite_scroll&quot;,&quot;_skin&quot;:&quot;post&quot;,&quot;columns_tablet&quot;:&quot;2&quot;,&quot;columns_mobile&quot;:&quot;1&quot;,&quot;edit_handle_selector&quot;:&quot;[data-elementor-type=\\&quot;loop-item\\&quot;]&quot;,&quot;load_more_spinner&quot;:{&quot;value&quot;:&quot;fas fa-spinner&quot;,&quot;library&quot;:&quot;fa-solid&quot;},&quot;row_gap&quot;:{&quot;unit&quot;:&quot;px&quot;,&quot;size&quot;:&quot;&quot;,&quot;sizes&quot;:[]},&quot;row_gap_tablet&quot;:{&quot;unit&quot;:&quot;px&quot;,&quot;size&quot;:&quot;&quot;,&quot;sizes&quot;:[]},&quot;row_gap_mobile&quot;:{&quot;unit&quot;:&quot;px&quot;,&quot;size&quot;:&quot;&quot;,&quot;sizes&quot;:[]}}\" data-widget_type=\"loop-grid.post\">\n\t\t\t\t<div class=\"elementor-widget-container\">\n\t\t\t\t\t\t\t<div class=\"elementor-loop-container elementor-grid\" role=\"list\">\n\t\t<style id=\"loop-245\">.elementor-245 .elementor-element.elementor-element-fde219d{--display:flex;--min-height:250px;--justify-content:center;--border-radius:0px 20px 20px 20px;}.elementor-245 .elementor-element.elementor-element-fde219d:not(.elementor-motion-effects-element-type-background), .elementor-245 .elementor-element.elementor-element-fde219d > .elementor-motion-effects-container > .elementor-motion-effects-layer{background-color:var( --e-global-color-af0e0ac );}.elementor-widget-theme-post-title .elementor-heading-title{font-family:var( --e-global-typography-primary-font-family ), Sans-serif;font-weight:var( --e-global-typography-primary-font-weight );color:var( --e-global-color-primary );}.elementor-245 .elementor-element.elementor-element-d7e6b25{text-align:center;}.elementor-245 .elementor-element.elementor-element-d7e6b25 .elementor-heading-title{font-family:\"Nunito Sans\", Sans-serif;font-size:20px;font-weight:700;color:var( --e-global-color-d72928d );}.elementor-widget-heading .elementor-heading-title{font-family:var( --e-global-typography-primary-font-family ), Sans-serif;font-weight:var( --e-global-typography-primary-font-weight );color:var( --e-global-color-primary );}.elementor-245 .elementor-element.elementor-element-af1b085{background-color:var( --e-global-color-6c491df );padding:05px 20px 05px 20px;top:0px;}body:not(.rtl) .elementor-245 .elementor-element.elementor-element-af1b085{left:0px;}body.rtl .elementor-245 .elementor-element.elementor-element-af1b085{right:0px;}.elementor-245 .elementor-element.elementor-element-af1b085 .elementor-heading-title{font-family:\"Roboto\", Sans-serif;font-size:13px;font-weight:900;text-transform:uppercase;color:var( --e-global-color-af0e0ac );}\/* Start custom CSS for shortcode, class: .elementor-element-eb86b10 *\/.resource-type-icon {\n  width: 75px;\n  height: 75px;\n  display: inline-block;\n  vertical-align: middle;\n  display: block;\n    margin-left: auto;\n    margin-right: auto;\n}\n\n\nimg.resource-type-icon {\n  object-fit: contain;\n}\/* End custom CSS *\/<\/style>\t\t<div data-elementor-type=\"loop-item\" data-elementor-id=\"245\" class=\"elementor elementor-245 e-loop-item e-loop-item-1945 post-1945 resource type-resource status-publish hentry\" data-elementor-post-type=\"elementor_library\" data-custom-edit-handle=\"1\">\n\t\t\t<a class=\"elementor-element elementor-element-fde219d e-flex e-con-boxed e-con e-parent\" data-id=\"fde219d\" data-element_type=\"container\" data-settings=\"{&quot;background_background&quot;:&quot;classic&quot;}\" href=\"https:\/\/www.xacu3122.odns.fr\/schollpt_preprod\/resource\/dor-no-calcanhar-causas-e-patologias-comuns-para-alem-da-fascite-plantar\/\">\n\t\t\t\t\t<div class=\"e-con-inner\">\n\t\t\t\t<div class=\"elementor-element elementor-element-eb86b10 elementor-widget elementor-widget-shortcode\" data-id=\"eb86b10\" data-element_type=\"widget\" data-widget_type=\"shortcode.default\">\n\t\t\t\t\t\t\t<div class=\"elementor-shortcode\"><\/div>\n\t\t\t\t\t\t<\/div>\n\t\t\t\t<div class=\"elementor-element elementor-element-d7e6b25 elementor-widget elementor-widget-theme-post-title elementor-page-title elementor-widget-heading\" data-id=\"d7e6b25\" data-element_type=\"widget\" data-widget_type=\"theme-post-title.default\">\n\t\t\t\t\t<h4 class=\"elementor-heading-title elementor-size-default\">Dor no calcanhar: causas e patologias comuns para al\u00e9m da fascite plantar<\/h4>\t\t\t\t<\/div>\n\t\t\t\t\t<\/div>\n\t\t\t\t<\/a>\n\t\t\t\t<\/div>\n\t\t\t\t<div data-elementor-type=\"loop-item\" data-elementor-id=\"245\" class=\"elementor elementor-245 e-loop-item e-loop-item-1940 post-1940 resource type-resource status-publish hentry\" data-elementor-post-type=\"elementor_library\" data-custom-edit-handle=\"1\">\n\t\t\t<a class=\"elementor-element elementor-element-fde219d e-flex e-con-boxed e-con e-parent\" data-id=\"fde219d\" data-element_type=\"container\" data-settings=\"{&quot;background_background&quot;:&quot;classic&quot;}\" href=\"https:\/\/www.xacu3122.odns.fr\/schollpt_preprod\/resource\/cuidados-do-pe-diabetico-na-pratica-farmaceutica\/\">\n\t\t\t\t\t<div class=\"e-con-inner\">\n\t\t\t\t<div class=\"elementor-element elementor-element-eb86b10 elementor-widget elementor-widget-shortcode\" data-id=\"eb86b10\" data-element_type=\"widget\" data-widget_type=\"shortcode.default\">\n\t\t\t\t\t\t\t<div class=\"elementor-shortcode\"><\/div>\n\t\t\t\t\t\t<\/div>\n\t\t\t\t<div class=\"elementor-element elementor-element-d7e6b25 elementor-widget elementor-widget-theme-post-title elementor-page-title elementor-widget-heading\" data-id=\"d7e6b25\" data-element_type=\"widget\" data-widget_type=\"theme-post-title.default\">\n\t\t\t\t\t<h4 class=\"elementor-heading-title elementor-size-default\">Cuidados do p\u00e9 diab\u00e9tico na pr\u00e1tica farmac\u00eautica<\/h4>\t\t\t\t<\/div>\n\t\t\t\t\t<\/div>\n\t\t\t\t<\/a>\n\t\t\t\t<\/div>\n\t\t\t\t<div data-elementor-type=\"loop-item\" data-elementor-id=\"245\" class=\"elementor elementor-245 e-loop-item e-loop-item-1931 post-1931 resource type-resource status-publish hentry\" data-elementor-post-type=\"elementor_library\" data-custom-edit-handle=\"1\">\n\t\t\t<a class=\"elementor-element elementor-element-fde219d e-flex e-con-boxed e-con e-parent\" data-id=\"fde219d\" data-element_type=\"container\" data-settings=\"{&quot;background_background&quot;:&quot;classic&quot;}\" href=\"https:\/\/www.xacu3122.odns.fr\/schollpt_preprod\/resource\/abordagem-das-verrugas-cutaneas-incluindo-verrugas-plantares-guia-pratico-para-a-farmacia-comunitaria\/\">\n\t\t\t\t\t<div class=\"e-con-inner\">\n\t\t\t\t<div class=\"elementor-element elementor-element-eb86b10 elementor-widget elementor-widget-shortcode\" data-id=\"eb86b10\" data-element_type=\"widget\" data-widget_type=\"shortcode.default\">\n\t\t\t\t\t\t\t<div class=\"elementor-shortcode\"><\/div>\n\t\t\t\t\t\t<\/div>\n\t\t\t\t<div class=\"elementor-element elementor-element-d7e6b25 elementor-widget elementor-widget-theme-post-title elementor-page-title elementor-widget-heading\" data-id=\"d7e6b25\" data-element_type=\"widget\" data-widget_type=\"theme-post-title.default\">\n\t\t\t\t\t<h4 class=\"elementor-heading-title elementor-size-default\">Abordagem das verrugas cut\u00e2neas, incluindo verrugas plantares: guia pr\u00e1tico para a farm\u00e1cia comunit\u00e1ria<\/h4>\t\t\t\t<\/div>\n\t\t\t\t\t<\/div>\n\t\t\t\t<\/a>\n\t\t\t\t<\/div>\n\t\t\t\t<div data-elementor-type=\"loop-item\" data-elementor-id=\"245\" class=\"elementor elementor-245 e-loop-item e-loop-item-442 post-442 resource type-resource status-publish hentry resourcetype-article\" data-elementor-post-type=\"elementor_library\" data-custom-edit-handle=\"1\">\n\t\t\t<a class=\"elementor-element elementor-element-fde219d e-flex e-con-boxed e-con e-parent\" data-id=\"fde219d\" data-element_type=\"container\" data-settings=\"{&quot;background_background&quot;:&quot;classic&quot;}\" href=\"https:\/\/www.xacu3122.odns.fr\/schollpt_preprod\/conditions\/fungail-nail\/onychomycosis-fungal-nail-infection\/\">\n\t\t\t\t\t<div class=\"e-con-inner\">\n\t\t\t\t<div class=\"elementor-element elementor-element-eb86b10 elementor-widget elementor-widget-shortcode\" data-id=\"eb86b10\" data-element_type=\"widget\" data-widget_type=\"shortcode.default\">\n\t\t\t\t\t\t\t<div class=\"elementor-shortcode\"><img decoding=\"async\" class=\"resource-type-icon\" src=\"https:\/\/www.xacu3122.odns.fr\/schollpt_preprod\/wp-content\/uploads\/2026\/04\/ldocumentwhite.webp\" alt=\"\" aria-hidden=\"true\"><\/div>\n\t\t\t\t\t\t<\/div>\n\t\t\t\t<div class=\"elementor-element elementor-element-d7e6b25 elementor-widget elementor-widget-theme-post-title elementor-page-title elementor-widget-heading\" data-id=\"d7e6b25\" data-element_type=\"widget\" data-widget_type=\"theme-post-title.default\">\n\t\t\t\t\t<h4 class=\"elementor-heading-title elementor-size-default\">Onychomycosis (Fungal Nail Infection)<\/h4>\t\t\t\t<\/div>\n\t\t\t\t<div class=\"elementor-element elementor-element-af1b085 elementor-absolute elementor-widget elementor-widget-heading\" data-id=\"af1b085\" data-element_type=\"widget\" data-settings=\"{&quot;_position&quot;:&quot;absolute&quot;}\" data-widget_type=\"heading.default\">\n\t\t\t\t\t<span class=\"elementor-heading-title elementor-size-default\"><span>Article<\/span><\/span>\t\t\t\t<\/div>\n\t\t\t\t\t<\/div>\n\t\t\t\t<\/a>\n\t\t\t\t<\/div>\n\t\t\t\t<div data-elementor-type=\"loop-item\" data-elementor-id=\"245\" class=\"elementor elementor-245 e-loop-item e-loop-item-411 post-411 resource type-resource status-publish hentry resourcetype-infographic\" data-elementor-post-type=\"elementor_library\" data-custom-edit-handle=\"1\">\n\t\t\t<a class=\"elementor-element elementor-element-fde219d e-flex e-con-boxed e-con e-parent\" data-id=\"fde219d\" data-element_type=\"container\" data-settings=\"{&quot;background_background&quot;:&quot;classic&quot;}\" href=\"https:\/\/www.xacu3122.odns.fr\/schollpt_preprod\/conditions\/fungail-nail\/the-three-stages-of-fungal-nailinfection-action\/\">\n\t\t\t\t\t<div class=\"e-con-inner\">\n\t\t\t\t<div class=\"elementor-element elementor-element-eb86b10 elementor-widget elementor-widget-shortcode\" data-id=\"eb86b10\" data-element_type=\"widget\" data-widget_type=\"shortcode.default\">\n\t\t\t\t\t\t\t<div class=\"elementor-shortcode\"><img decoding=\"async\" class=\"resource-type-icon\" src=\"https:\/\/www.xacu3122.odns.fr\/schollpt_preprod\/wp-content\/uploads\/2026\/04\/lsurveywhite.webp\" alt=\"\" aria-hidden=\"true\"><\/div>\n\t\t\t\t\t\t<\/div>\n\t\t\t\t<div class=\"elementor-element elementor-element-d7e6b25 elementor-widget elementor-widget-theme-post-title elementor-page-title elementor-widget-heading\" data-id=\"d7e6b25\" data-element_type=\"widget\" data-widget_type=\"theme-post-title.default\">\n\t\t\t\t\t<h4 class=\"elementor-heading-title elementor-size-default\">Infection stages<\/h4>\t\t\t\t<\/div>\n\t\t\t\t<div class=\"elementor-element elementor-element-af1b085 elementor-absolute elementor-widget elementor-widget-heading\" data-id=\"af1b085\" data-element_type=\"widget\" data-settings=\"{&quot;_position&quot;:&quot;absolute&quot;}\" data-widget_type=\"heading.default\">\n\t\t\t\t\t<span class=\"elementor-heading-title elementor-size-default\"><span>Infographic<\/span><\/span>\t\t\t\t<\/div>\n\t\t\t\t\t<\/div>\n\t\t\t\t<\/a>\n\t\t\t\t<\/div>\n\t\t\t\t<div data-elementor-type=\"loop-item\" data-elementor-id=\"245\" class=\"elementor elementor-245 e-loop-item e-loop-item-244 post-244 resource type-resource status-publish hentry resourcetype-video\" data-elementor-post-type=\"elementor_library\" data-custom-edit-handle=\"1\">\n\t\t\t<a class=\"elementor-element elementor-element-fde219d e-flex e-con-boxed e-con e-parent\" data-id=\"fde219d\" data-element_type=\"container\" data-settings=\"{&quot;background_background&quot;:&quot;classic&quot;}\" href=\"https:\/\/www.xacu3122.odns.fr\/schollpt_preprod\/conditions\/fungail-nail\/mode-of-action\/\">\n\t\t\t\t\t<div class=\"e-con-inner\">\n\t\t\t\t<div class=\"elementor-element elementor-element-eb86b10 elementor-widget elementor-widget-shortcode\" data-id=\"eb86b10\" data-element_type=\"widget\" data-widget_type=\"shortcode.default\">\n\t\t\t\t\t\t\t<div class=\"elementor-shortcode\"><img decoding=\"async\" class=\"resource-type-icon\" src=\"https:\/\/www.xacu3122.odns.fr\/schollpt_preprod\/wp-content\/uploads\/2026\/04\/lvideowhite.webp\" alt=\"\" aria-hidden=\"true\"><\/div>\n\t\t\t\t\t\t<\/div>\n\t\t\t\t<div class=\"elementor-element elementor-element-d7e6b25 elementor-widget elementor-widget-theme-post-title elementor-page-title elementor-widget-heading\" data-id=\"d7e6b25\" data-element_type=\"widget\" data-widget_type=\"theme-post-title.default\">\n\t\t\t\t\t<h4 class=\"elementor-heading-title elementor-size-default\">Mode of Action<\/h4>\t\t\t\t<\/div>\n\t\t\t\t<div class=\"elementor-element elementor-element-af1b085 elementor-absolute elementor-widget elementor-widget-heading\" data-id=\"af1b085\" data-element_type=\"widget\" data-settings=\"{&quot;_position&quot;:&quot;absolute&quot;}\" data-widget_type=\"heading.default\">\n\t\t\t\t\t<span class=\"elementor-heading-title elementor-size-default\"><span>Video<\/span><\/span>\t\t\t\t<\/div>\n\t\t\t\t\t<\/div>\n\t\t\t\t<\/a>\n\t\t\t\t<\/div>\n\t\t\t\t<\/div>\n\t\t\t\t\t<span class=\"e-load-more-spinner\">\n\t\t\t\t<svg aria-hidden=\"true\" class=\"e-font-icon-svg e-fas-spinner\" viewBox=\"0 0 512 512\" xmlns=\"http:\/\/www.w3.org\/2000\/svg\"><path d=\"M304 48c0 26.51-21.49 48-48 48s-48-21.49-48-48 21.49-48 48-48 48 21.49 48 48zm-48 368c-26.51 0-48 21.49-48 48s21.49 48 48 48 48-21.49 48-48-21.49-48-48-48zm208-208c-26.51 0-48 21.49-48 48s21.49 48 48 48 48-21.49 48-48-21.49-48-48-48zM96 256c0-26.51-21.49-48-48-48S0 229.49 0 256s21.49 48 48 48 48-21.49 48-48zm12.922 99.078c-26.51 0-48 21.49-48 48s21.49 48 48 48 48-21.49 48-48c0-26.509-21.491-48-48-48zm294.156 0c-26.51 0-48 21.49-48 48s21.49 48 48 48 48-21.49 48-48c0-26.509-21.49-48-48-48zM108.922 60.922c-26.51 0-48 21.49-48 48s21.49 48 48 48 48-21.49 48-48-21.491-48-48-48z\"><\/path><\/svg>\t\t\t<\/span>\n\t\t\n\t\t\t\t\t\t<\/div>\n\t\t\t\t<\/div>\n\t\t\t\t<\/div>\n\t\t\t\t\t<\/div>\n\t\t\t\t<\/div>\n\t\t\t\t<\/div>\n\t\t","protected":false},"excerpt":{"rendered":"<p>Filter by Condition<\/p>\n","protected":false},"author":1,"featured_media":0,"parent":0,"menu_order":4,"comment_status":"closed","ping_status":"closed","template":"","meta":{"_acf_changed":false,"footnotes":""},"class_list":["post-349","page","type-page","status-publish","hentry"],"acf":[],"_links":{"self":[{"href":"https:\/\/www.xacu3122.odns.fr\/schollpt_preprod\/wp-json\/wp\/v2\/pages\/349","targetHints":{"allow":["GET"]}}],"collection":[{"href":"https:\/\/www.xacu3122.odns.fr\/schollpt_preprod\/wp-json\/wp\/v2\/pages"}],"about":[{"href":"https:\/\/www.xacu3122.odns.fr\/schollpt_preprod\/wp-json\/wp\/v2\/types\/page"}],"author":[{"embeddable":true,"href":"https:\/\/www.xacu3122.odns.fr\/schollpt_preprod\/wp-json\/wp\/v2\/users\/1"}],"replies":[{"embeddable":true,"href":"https:\/\/www.xacu3122.odns.fr\/schollpt_preprod\/wp-json\/wp\/v2\/comments?post=349"}],"version-history":[{"count":31,"href":"https:\/\/www.xacu3122.odns.fr\/schollpt_preprod\/wp-json\/wp\/v2\/pages\/349\/revisions"}],"predecessor-version":[{"id":1662,"href":"https:\/\/www.xacu3122.odns.fr\/schollpt_preprod\/wp-json\/wp\/v2\/pages\/349\/revisions\/1662"}],"wp:attachment":[{"href":"https:\/\/www.xacu3122.odns.fr\/schollpt_preprod\/wp-json\/wp\/v2\/media?parent=349"}],"curies":[{"name":"wp","href":"https:\/\/api.w.org\/{rel}","templated":true}]}}